inder when c is divided by 7 - 0 - (-13 + 14)?
5
Let l(b) = -b**3 + b**2 + b - 1. Let y be l(1). Suppose y = 5*j - 15 - 245. What is the remainder when j is divided by 14?
10
What is the remainder when 94 is divided by 1/(-2) - 858/(-52)?
14
Suppose -2*x = -3*b - 104, -104*b + 99*b = -10. Calculate the remainder when 139 is divided by x.
29
Suppose 5*y - 30 = -3*z, 2*y - 4*z + 9*z = 31. Let j = 342 + -150. Suppose -6*r = -y*r - j. What is the remainder when r is divided by 22?
20
Suppose -3*p + 5*b + 145 = 0, 4*p - 6*b - 184 = -4*b. What is the remainder when 268 is divided by p?
43
Let c(z) = z + 23. What is the remainder when 42 is divided by c(-8)?
12
Suppose -3*c = 4*k + 8, 2*k + 10 = -2*c - c. Let b = 181 - 166. Let w = c + b. Calculate the remainder when 42 is divided by w.
9
Let a = -254 + 309. Let g = 33 + -14. What is the remainder when a is divided by g?
17
What is the remainder when 187 is divided by (-4)/(12/21 + 710/(-1120))?
59
Let w(z) = -80*z**3 - 4*z**2 - z + 1. Calculate the remainder when w(-2) is divided by 63.
60
Let i(f) be the second derivative of f**4/6 - f**3/6 + 5*f**2 + 15*f. What is the remainder when i(-4) is divided by 1/((-2)/(-52)) - 2?
22
Calculate the remainder when ((-102)/(-5))/(14/35) is divided by 13.
12
Suppose -5*i = -21 + 1. Suppose -2*y + 43 = -4*m - 25, -m = i. Suppose -5*j + 2*u - y + 219 = 0, -2*u - 8 = 0. What is the remainder when j is divided by 13?
11
Suppose 0 = -4*n + 2*s + 25 + 33, 3*n - 21 = -3*s. Let d = 3 - -1. Calculate the remainder when n is divided by d.
0
Suppose -4*i + 0 - 20 = 0. Let d = i - -9. Suppose -d*x - 4*n = -24, -6*x + 4*x + 3 = 5*n. Calculate the remainder when 24 is divided by x.
6
Let m(d) be the first derivative of d**2/2 + d - 1. Let f be m(-4). What is the remainder when 10 is divided by 9*f/((-27)/6)?
4
Suppose -x + 56 = 35. What is the remainder when 450 is divided by x?
9
Suppose -5*m = 19*c - 14*c - 100, 0 = -4*c - 3*m + 78. Calculate the remainder when 214 is divided by c.
16
Suppose 0 = -3*x + a + 579, -7*x + a = -8*x + 189. What is the remainder when x is divided by 49?
45
Let q(x) = -81*x - 18. What is the remainder when q(-1) is divided by 63?
0
Suppose -300 = 11*p - 23*p. What is the remainder when p is divided by 13?
12
Let y(r) = -r**2 + 7*r + 11. Let j be y(8). Suppose -5*d - 22 = -j*v, -2*d - 3*v = -3 - 5. What is the remainder when d/5 - 397/(-5) is divided by 27?
25
Suppose -2*y + y + 3 = 0. Suppose -5*a + 144 = -4*i + 3*i, -y*a - 3*i = -90. Calculate the remainder when a is divided by 8.
5
Suppose -d + 3*g = -49, -g + 0*g - 83 = -2*d. Suppose -2*p + d = -0*p. What is the remainder when 55 is divided by p?
15
Calculate the remainder when 1*1*(77 + (-3 - -7)) is divided by 8.
1
What is the remainder when 350 is divided by 705/12 - 2/8*-1?
55
Calculate the remainder when 336 is divided by (-1*(-2)/8)/(44/2288).
11
Let u = -38 - -37. What is the remainder when 28 is divided by (60/(-9) + (-6)/(-9))*u?
4
Let q(n) = -n**3 - 8*n**2 - 17*n - 31. Calculate the remainder when q(-7) is divided by 28.
11
Suppose -8*s + 132 = -684. Calculate the remainder when s is divided by 13.
11
Calculate the remainder when -3 + (-354)/4*2/(-1) is divided by 48.
30
Let j = -32 - -43. Let b(a) = -a**3 + 10*a**2 + 10*a + 25. What is the remainder when 37 is divided by b(j)?
9
Suppose 425*z - 428*z + 30 = 0. What is the remainder when 27 is divided by z?
7
Let w = 89 + -33. What is the remainder when 111 is divided by w?
55
Suppose -3*n - 2*g - 3 - 3 = 0, n - 5*g - 15 = 0. Suppose 3*o = -n*o + 30. What is the remainder when 23 is divided by o?
3
Let c = 75 + -63. What is the remainder when 283 is divided by (19*1)/(8 - 92/c)?
55
Suppose -g - 4*y = 3*y - 406, -5*y = -g + 442. What is the remainder when g is divided by 54?
49
Suppose -x + 385 = 5*i, -x + 82 = 4*i - 227. What is the remainder when i is divided by 13?
11
Suppose -4*z = 2*r - 358, 5*z - 4*r - 465 = -3*r. Let t = 100 - z. What is the remainder when t is divided by 2?
0
Suppose 2*k + k - 5*g = 113, -3*g = 5*k - 177. Let u(a) = 2*a**2 - 7*a + 4. Let w be u(8). Suppose 3*r = -r + w. Calculate the remainder when k is divided by r.
17
Suppose -2*z = -10, -17 - 251 = -3*x + z. What is the remainder when x is divided by 79?
12
Let z(n) = 2*n**2 + 19*n + 40. What is the remainder when z(-11) is divided by 2/(-4) - 217/(-14)?
13
Suppose 4*p - 43*p = -1482. Let x be 3/18 - (-33)/18. What is the remainder when p is divided by 121/6 - x/12?
18
Let z be 1*12/(-4) + 2. Let r = z - -8. Suppose -4*l = -r*l + 36. Calculate the remainder when 30 is divided by l.
6
Let c = 90 + -87. What is the remainder when 39 is divided by c/((-7)/((-84)/9))?
3
Let t = -51 - -64. Suppose -4*c = i - 49 + t, -2*i + c + 81 = 0. Calculate the remainder when 76 is divided by i.
36
Let j(f) = -f**3 + 6*f**2 + f + 5. Let r be j(-5). Suppose r = 15*w - 4*w. Calculate the remainder when (2/(-4))/((-1)/94) is divided by w.
22
Let d be ((-10)/2*-1)/1. Suppose -4*f + 61 = -v + 2*v, -d*f - 2*v = -80. What is the remainder when f is divided by 8?
6
Let t be 5 - (2 - -2) - -45. Suppose 0 = -5*z + t + 109. What is the remainder when 59 is divided by z?
28
Let n = 1678 - 1367. What is the remainder when n is divided by 52?
51
Let r(v) = 6*v**3 - v**2 + 2*v - 2. Let q be r(1). Suppose u - 25 = k, u - q*u = 3*k - 93. Calculate the remainder when u is divided by 13.
11
Suppose -4*f + 23 = t, 0 = -5*t + f + 11 - 1. Let w = 10 + -5. What is the remainder when w is divided by t?
2
Let i = 22 - 12. Let n(m) = -m**2 + 4*m + 2. Let u(p) = -5*p + 23. Let w(d) = -n(d) + u(d). What is the remainder when w(i) is divided by 12?
7
Suppose -3*h + 6*h + 3*s - 24 = 0, -5*h + 2*s = -47. Suppose -23*u + 714 = 215*u. Calculate the remainder when h is divided by u.
0
Let o(g) = -7*g**3 - 29*g**2 - 56*g - 60. Let p(z) = -z**3 + 1. Let a(f) = -o(f) + 6*p(f). Calculate the remainder when 31 is divided by a(-27).
7
Let h(o) be the third derivative of o**4/8 - 10*o**3/3 + 10*o**2. Calculate the remainder when 98 is divided by h(15).
23
Let r = 188 + -184. What is the remainder when 10 is divided by r?
2
Suppose -214 = 13*f - 981. Calculate the remainder when f is divided by 14.
3
Suppose -45*k - 756 = -57*k. What is the remainder when 371 is divided by k?
56
Suppose 3*j - 137 - 526 = 0. What is the remainder when j is divided by 37?
36
Let f = 346 - 281. Calculate the remainder when f is divided by 25.
15
Suppose 2*o - 1 = 3*z + 2*z, 0 = -5*z - 5*o - 15. Calculate the remainder when (846/(-18))/(z + 0) is divided by 25.
22
Let r(b) = -427 + b + 427. Calculate the remainder when 9 is divided by r(3).
0
Suppose -5*v + 34 = -3*r, 4*v + 0*v - 4*r = 32. Calculate the remainder when ((-2)/v)/((-1)/45) is divided by 11.
7
Let g be -2 - 16*(-2 + 3). Suppose 0*o + 3*o + 48 = 0. What is the remainder when (o/10)/(g/135) is divided by 7?
5
Suppose 4*d + 510 = -2*k, -270 = k - 2*d - d. Let h = k + 180. Calculate the remainder when 51 is divided by (-16)/6*h/12.
15
Let r(q) = 13 - 6*q - 12 + 7*q - 7*q. Let o(i) = -8*i**3 - 2*i**2 + i. Let v be o(1). What is the remainder when r(v) is divided by 14?
13
Let l(m) = 3*m - 7. Suppose -2*f + 6 = 0, 5*x = 2*x + 2*f + 12. What is the remainder when 37 is divided by l(x)?
4
Suppose -5*v = -10*v + 235. Let a be (1/(-2))/((-15)/1020). Let u = a - 22. What is the remainder when v is divided by u?
11
Suppose 3*m = 3*o + 2*o - 681, -3*m + 399 = 3*o. Suppose 7*u = 12*u - o. Calculate the remainder when u is divided by 12.
3
Let w be ((-1)/(-2))/(-4 - (-5775)/1442). Let v = -68 + w. What is the remainder when v is divided by 2/(-7) + (-86)/(-7)?
11
Let q(g) = 10*g - 15. What is the remainder when 120 is divided by q(4)?
20
Let d be 3/(-2)*(-8)/3. Let x(p) = p**2 + 18*p - 46. Let m be x(-20). Calculate the remainder when 20 is divided by m/d + 34/4.
6
Suppose -24*s + 3*x = -28*s + 139, 4*x - 20 = 0. What is the remainder when 89 is divided by s?
27
Let v(f) = -2*f**2 - 56*f + 37. Suppose -5*b - 10 = -0*b, 0 = 2*y - 3*b + 50. Calculate the remainder when 72 is divided by v(y).
35
Let c = -58 - -110. What is the remainder when c is divided by 26?
0
Let j be ((-1)/(-3) - 0)*6. Suppose -3*c = -j*h + 3*h - 32, 4*h - 43 = 5*c. What is the remainder when h is divided by 10?
7